sor of 163572 and 148039.
317
What is the greatest common factor of 626 and 76860593?
313
Calculate the greatest common divisor of 161 and 24358771.
23
Calculate the greatest common factor of 235079 and 29159.
13
What is the highest common factor of 55501415 and 46?
23
Calculate the greatest common factor of 27270 and 1343805.
1515
What is the highest common factor of 2878044 and 7488?
156
Calculate the highest common divisor of 20945134 and 232.
58
What is the greatest common factor of 594 and 4069818?
54
What is the greatest common divisor of 5 and 645568085?
5
What is the highest common factor of 511125875 and 130?
65
Calculate the greatest common factor of 6784 and 88329376.
1696
Calculate the greatest common factor of 40471242 and 1.
1
Calculate the greatest common factor of 2992 and 90752528.
272
Calculate the greatest common divisor of 50042 and 2228588.
382
Calculate the highest common divisor of 2156700 and 40300.
1300
What is the greatest common factor of 5761509 and 87009?
3783
What is the highest common divisor of 87900 and 119100?
300
Calculate the highest common divisor of 361900 and 3572.
188
Calculate the greatest common divisor of 81071015 and 590.
295
Calculate the highest common factor of 1495632 and 576.
48
Calculate the greatest common divisor of 1271639510 and 10.
10
What is the greatest common factor of 442 and 63286002?
442
What is the greatest common divisor of 8998542 and 85?
17
What is the greatest common factor of 18579324 and 24?
12
What is the highest common factor of 106577 and 591?
197
What is the highest common factor of 129224 and 28768?
232
What is the highest common factor of 2090 and 28732286?
22
Calculate the highest common factor of 486 and 479610.
18
Calculate the highest common factor of 63670 and 44145.
5
What is the highest common factor of 14916384 and 32781?
147
Calculate the highest common divisor of 3365 and 280360.
5
What is the highest common divisor of 39 and 3079983?
3
Calculate the greatest common factor of 10043460 and 12852.
756
What is the greatest common factor of 16200 and 11001400?
200
What is the greatest common factor of 370374 and 78?
6
What is the greatest common factor of 690 and 709044?
138
What is the highest common divisor of 23 and 46890629?
23
What is the greatest common factor of 5746079 and 740344?
8413
Calculate the highest common factor of 38330369 and 231.
77
Calculate the highest common divisor of 10039562 and 1235.
247
What is the highest common factor of 3024810 and 783?
27
What is the greatest common factor of 131984 and 791?
113
What is the highest common factor of 76640 and 3040?
160
What is the greatest common factor of 2680561 and 754?
13
Calculate the highest common factor of 16704 and 2709760.
1856
What is the highest common factor of 3256 and 52411832?
3256
Calculate the highest common factor of 273109 and 152216.
53
Calculate the highest common factor of 25224 and 158568.
24
What is the highest common factor of 322 and 205298?
46
Calculate the highest common factor of 270 and 41022990.
270
Calculate the greatest common divisor of 3694513 and 955.
191
What is the greatest common factor of 13946344 and 632?
632
What is the highest common divisor of 61152 and 130708032?
8736
What is the greatest common divisor of 315095 and 835?
5
Calculate the greatest common factor of 219135978 and 4806.
1602
What is the greatest common divisor of 60 and 60869160?
60
Calculate the highest common divisor of 986 and 16294491.
29
What is the greatest common divisor of 160 and 35207968?
32
Calculate the highest common divisor of 136 and 13357852.
68
What is the greatest common factor of 21832037 and 41975?
1679
Calculate the greatest common divisor of 319728 and 71520.
48
What is the greatest common factor of 4886973 and 7830108?
13689
Calculate the greatest common factor of 12833674 and 102.
34
What is the greatest common divisor of 122903485 and 355?
355
Calculate the greatest common factor of 162 and 21451230.
162
What is the greatest common factor of 125 and 5125?
125
What is the greatest common factor of 559170 and 490?
10
What is the greatest common divisor of 67730950 and 101500?
10150
What is the highest common factor of 2915 and 1631234?
583
What is the greatest common divisor of 16 and 1216238864?
16
Calculate the highest common factor of 17545 and 22185.
145
What is the greatest common divisor of 10867 and 330650209?
10867
Calculate the greatest common factor of 592100 and 3775180.
620
Calculate the greatest common divisor of 100 and 9943355.
5
Calculate the greatest common factor of 4444 and 31729049.
1111
Calculate the greatest common divisor of 7108745 and 1050.
35
Calculate the greatest common factor of 89740128 and 96.
96
What is the highest common factor of 66 and 729998?
2
What is the greatest common divisor of 22693562 and 1194?
398
Calculate the greatest common divisor of 1324751 and 1230.
41
Calculate the highest common divisor of 182320 and 560.
80
Calculate the greatest common factor of 1002430 and 780.
130
What is the greatest common factor of 129 and 5370442?
43
What is the highest common factor of 3211 and 16693144?
169
What is the highest common factor of 2394872 and 64?
8
Calculate the greatest common factor of 523549 and 95693.
221
What is the greatest common divisor of 14781 and 595764?
39
Calculate the highest common factor of 152010 and 432675.
135
Calculate the greatest common factor of 40880 and 16908990.
5110
What is the highest common divisor of 2350 and 105550?
50
Calculate the greatest common factor of 588 and 24022.
2
Calculate the greatest common factor of 5049240 and 840.
840
Calculate the greatest common factor of 3360731516 and 3932.
3932
What is the greatest common divisor of 13416 and 628420?
52
What is the highest common divisor of 54360 and 27720?
360
What is the highest common factor of 1755 and 67961997?
27
What is the highest common factor of 6790700 and 42364?
2492
What is the highest common factor of 8769 and 77811?
111
What is the greatest common factor of 4869152 and 22656?
1888
Calculate the greatest common divisor of 164563551 and 69.
69
What is the greatest common factor of 4186402 and 865414?
3058
What is the highest common divisor of 390786 and 4679882?
382
What is the greatest common divisor of 30884180 and 2?
2
Calculate the greatest common factor of 17146 and 542.
2
Calculate the greatest common factor of 3913 and 15837717.
301
Calculate the greatest common factor of 9830263 and 5131.
733
Calculate the greatest common divisor of 42251 and 5405.
23
What is the highest common factor of 85432 and 168144?
8
What is the highest common factor of 401268 and 24888?
204
What is the greatest common factor of 259349 and 446?
223
Calculate the greatest common divisor of 1227716 and 13181.
1883
What is the greatest common divisor of 140283 and 166491?
117
What is the highest common divisor of 5868 and 25097112?
36
Calculate the highest common factor of 15309 and 5589.
243
What is the greatest common factor of 40 and 1064616?
8
Calculate the highest common divisor of 1458 and 3192288813.
729
Calculate the greatest common divisor of 2960 and 9400220.
740
Calculate the highest common divisor of 462542750 and 116.
58
What is the highest common divisor of 5319 and 2816312?
197
What is the highest common factor of 90 and 9446958?
18
What is the greatest common divisor of 62470826 and 43967?
6281
What is the highest common factor of 8596163 and 4863?
1621
Calculate the highest common divisor of 25 and 10633995.
5
What is the greatest common factor of 6399 and 13840247?
79
What is the highest common factor of 1137258808 and 4?
4
What is the highest common factor of 154176 and 1199?
11
Calculate the highest common divisor of 5 and 27649855.
5
Calculate the highest common divisor of 1702 and 554781367.
851
Calculate the greatest common divisor of 2496 and 10607844.
156
What is the greatest common factor of 160 and 3268520?
40
What is the greatest common divisor of 56 and 648611747?
7
What is the greatest common divisor of 89815 and 46310?
55
Calculate the greatest common divisor of 50 and 45921160.
10
What is the greatest common divisor of 68328 and 174956472?
5256
Calculate the greatest common factor of 1634732187 and 7194.
3597
Calculat